10?
2, 3, 5, 17
What are the prime factors of 46984?
2, 7, 839
List the prime factors of 36861.
3, 11, 1117
What are the prime factors of 7920?
2, 3, 5, 11
What are the prime factors of 150331?
17, 37, 239
What are the prime factors of 9953?
37, 269
List the prime factors of 16350.
2, 3, 5, 109
List the prime factors of 21456.
2, 3, 149
List the prime factors of 258.
2, 3, 43
What are the prime factors of 78275?
5, 31, 101
List the prime factors of 23883.
3, 19, 419
What are the prime factors of 2187?
3
What are the prime factors of 1105?
5, 13, 17
List the prime factors of 1198.
2, 599
List the prime factors of 30026.
2, 15013
List the prime factors of 4863.
3, 1621
List the prime factors of 27750.
2, 3, 5, 37
What are the prime factors of 22790?
2, 5, 43, 53
List the prime factors of 8458.
2, 4229
What are the prime factors of 224?
2, 7
What are the prime factors of 12485?
5, 11, 227
List the prime factors of 104.
2, 13
List the prime factors of 2875.
5, 23
What are the prime factors of 2496?
2, 3, 13
List the prime factors of 6156.
2, 3, 19
List the prime factors of 125.
5
What are the prime factors of 573?
3, 191
What are the prime factors of 224?
2, 7
List the prime factors of 22143.
3, 11, 61
List the prime factors of 48808.
2, 6101
What are the prime factors of 32340?
2, 3, 5, 7, 11
What are the prime factors of 27628?
2, 6907
List the prime factors of 8617.
7, 1231
What are the prime factors of 19189?
31, 619
List the prime factors of 14964.
2, 3, 29, 43
What are the prime factors of 10784?
2, 337
List the prime factors of 582.
2, 3, 97
List the prime factors of 63420.
2, 3, 5, 7, 151
What are the prime factors of 21363?
3, 7121
List the prime factors of 133060.
2, 5, 6653
What are the prime factors of 7997?
11, 727
List the prime factors of 10950.
2, 3, 5, 73
What are the prime factors of 106011?
3, 11779
List the prime factors of 590.
2, 5, 59
List the prime factors of 53232.
2, 3, 1109
What are the prime factors of 11566?
2, 5783
What are the prime factors of 6855?
3, 5, 457
What are the prime factors of 1622?
2, 811
List the prime factors of 8713.
8713
What are the prime factors of 18077?
18077
List the prime factors of 2534.
2, 7, 181
What are the prime factors of 2425?
5, 97
What are the prime factors of 777?
3, 7, 37
List the prime factors of 2516.
2, 17, 37
What are the prime factors of 610?
2, 5, 61
What are the prime factors of 94614?
2, 3, 13, 1213
What are the prime factors of 173?
173
What are the prime factors of 33931?
33931
List the prime factors of 927.
3, 103
List the prime factors of 5933.
17, 349
What are the prime factors of 2169?
3, 241
List the prime factors of 1343.
17, 79
What are the prime factors of 1088?
2, 17
List the prime factors of 572.
2, 11, 13
List the prime factors of 264.
2, 3, 11
What are the prime factors of 805?
5, 7, 23
What are the prime factors of 1255?
5, 251
What are the prime factors of 67634?
2, 7, 4831
List the prime factors of 3221.
3221
What are the prime factors of 3115?
5, 7, 89
List the prime factors of 1053.
3, 13
What are the prime factors of 688?
2, 43
List the prime factors of 24191.
17, 1423
What are the prime factors of 7425?
3, 5, 11
List the prime factors of 652.
2, 163
List the prime factors of 15658.
2, 7829
List the prime factors of 908.
2, 227
List the prime factors of 24755.
5, 4951
What are the prime factors of 2161?
2161
List the prime factors of 57544.
2, 7193
List the prime factors of 3785.
5, 757
What are the prime factors of 1617?
3, 7, 11
What are the prime factors of 1955?
5, 17, 23
What are the prime factors of 569?
569
List the prime factors of 137511.
3, 11, 463
What are the prime factors of 7108?
2, 1777
List the prime factors of 78559.
13, 6043
List the prime factors of 615.
3, 5, 41
List the prime factors of 20252.
2, 61, 83
What are the prime factors of 41438?
2, 20719
What are the prime factors of 2098?
2, 1049
List the prime factors of 2917.
2917
List the prime factors of 70530.
2, 3, 5, 2351
List the prime factors of 10561.
59, 179
List the prime factors of 44940.
2, 3, 5, 7, 107
What are the prime factors of 65154?
2, 3, 10859
List the prime factors of 11545.
5, 2309
What are the prime factors of 4331?
61, 71
List the prime factors of 3681.
3, 409
List the prime factors of 24897.
3, 43, 193
List the prime factors of 2989.
7, 61
List the prime factors of 7911.
3, 293
List the prime factors of 6443.
17, 379
What are the prime factors of 1380?
2, 3, 5, 23
List the prime factors of 86772.
2, 3, 7, 1033
What are the prime factors of 114117?
3, 38039
What are the prime factors of 39065?
5, 13, 601
What are the prime factors of 37149?
3, 7, 29, 61
What are the prime factors of 521?
521
What are the prime factors of 5377?
19, 283
What are the prime factors of 455?
5, 7, 13
What are the prime factors of 3883?
11, 353
What are the prime factors of 20291?
103, 197
What are the prime factors of 142182?
2, 3, 2633
What are the prime factors of 999?
3, 37
What are the prime factors of 2888?
2, 19
List the prime factors of 928.
2, 29
List the prime factors of 1429.
1429
What are the prime factors of 13843?
109, 127
What are the prime factors of 923?
13, 71
What are the prime factors of 2871?
3, 11, 29
List the prime factors of 524.
2, 131
List the prime factors of 1620.
2, 3, 5
List the prime factors of 9753.
3, 3251
List the prime factors of 48306.
2, 3, 83, 97
What are the prime factors of 74788?
2, 7, 2671
List the prime factors of 15523.
19, 43
List the prime factors of 222.
2, 3, 37
What are the prime factors of 374?
2, 11, 17
What are the prime factors of 25101?
3, 2789
What are the prime factors of 2194?
2, 1097
List the prime factors of 440.
2, 5, 11
What are the prime factors of 2726?
2, 29, 47
What are the prime factors of 8921?
11, 811
List the prime factors of 24144.
2, 3, 503
List the prime factors of 899.
29, 31
What are the prime factors of 102983?
102983
What are the prime factors of 118592?
2, 17, 109
List the prime factors of 998.
2, 499
What are the prime factors of 41689?
47, 887
What are the prime factors of 61619?
43, 1433
List the prime factors of 802.
2, 401
What are the prime factors of 8339?
31, 269
List the prime factors of 5684.
2, 7, 29
List the prime factors of 2150.
2, 5, 43
List the prime factors of 125844.
2, 3, 10487
What are the prime factors of 251?
251
What are the prime factors of 8608?
2, 269
List the prime factors of 4387.
41, 107
List the prime factors of 6612.
2, 3, 19, 29
List the prime factors of 127.
127
List the prime factors of 64903.
41, 1583
List the prime factors of 1518.
2, 3, 11, 23
List the prime factors of 25409.
25409
What are the prime factors of 9415?
5, 7, 269
List the prime factors of 17975.
5, 719
List the prime factors of 34943.
83, 421
List the prime factors of 44138.
2, 29, 761
List the prime factors of 2435.
5, 487
What are the prime factors of 3954?
2, 3, 659
List the prime factors of 2659.
2659
List the prime factors of 1695.
3, 5, 113
List the prime factors of 6887.
71, 97
What are the prime factors of 1699?
1699
List the prime factors of 10247.
10247
List the prime factors of 2701.
37, 73
List the prime factors of 1466.
2, 733
What are the prime factors of 31636?
2, 11, 719
What are the prime factors of 90435?
3, 5, 6029
List the prime factors of 9825.
3, 5, 131
List the prime factors of 23124.
2, 3, 41, 47
List the prime factors of 7537.
7537
List the prime factors of 1406.
2, 19, 37
List the prime factors of 122354.
2, 131, 467
What are the prime factors of 10479?
3, 7, 499
What are the prime factors of 42874?
2, 13, 17, 97
What are the prime factors of 123?
3, 41
What are the prime factors of 14186?
2, 41, 173
What are the prime factors of 17944?
2, 2243
What are the prime factors of 2015?
5, 13, 31
What are the prime factors of 476?
2, 7, 17
What are the prime factors of 35143?
113, 311
What are the prime factors of 2088?
2, 3, 29
What are the prime factors of 161023?
23, 7001
List the prime factors of 46792.
2, 5849
What are the prime factors of 17773?
7, 2539
What are the prime factors of 709?
709
What are the prime factors of 6471?
3, 719
What are the prime factors of 5792?
2, 181
List the prime factors of 415.
5, 83
What are the prime factors of 46759?
19, 23, 107
What are the prime fact